or of w and l.
5
Let o be (4/(-12))/(1/(-6)). Let r = o - 1. Let c be -1 - (-33)/(r - -2). Calculate the greatest common factor of 5 and c.
5
Suppose 5*v - 520 = -2*b + b, -2*b + 1010 = 4*v. Calculate the highest common divisor of 45 and b.
45
Let c(v) = -3*v - 6. Let z be c(-8). Let x = 382 - 184. What is the highest common factor of z and x?
18
Let c(t) = t**3 + 3*t**2 - t - 2. Let k be c(-3). Calculate the highest common divisor of 1 and k.
1
Let o = 17 + -2. Calculate the highest common divisor of o and 15.
15
Let f = 7 + -5. Let k(j) be the third derivative of 7*j**4/24 + j**3/6 + j**2. Let t be k(f). Calculate the highest common divisor of 15 and t.
15
Let f be 12*1 - 18/(-6). Suppose -2*b - 69 = -2*u - 3, -2*b = -u + 36. Let y be (u/(-18))/((-1)/6). Calculate the highest common divisor of y and f.
5
Let x(c) = c**2 + 2*c - 32. Let d be x(-10). Calculate the highest common divisor of d and 6.
6
Suppose 4*m = -3*p - m - 10, 5*p - 4*m + 66 = 0. Let s be 17/2*4/(-2). Let o = p - s. Calculate the highest common divisor of 21 and o.
7
Let g be 2 - 57*2/(-3). What is the highest common divisor of g and 16?
8
Suppose 0 = 3*d - 4*n + 8, 0 = -4*d + 3*d + n - 4. Let s(x) = x**3 + 9*x**2 - 3*x - 11. Let q be s(d). What is the greatest common divisor of q and 7?
7
Let b = -39 + 41. Calculate the greatest common factor of b and 5.
1
Let a be ((-1)/3)/((-5)/585). Calculate the greatest common factor of a and 13.
13
Suppose -2*d - 63 = -5*m + 134, -4*d = 4. What is the highest common divisor of m and 3?
3
Let l = -7 + 7. Suppose -7*w + 210 = -l*w. Suppose -2*n - 3*n + 225 = 0. What is the highest common divisor of n and w?
15
Suppose 30 = s - 0*s + 4*t, 2*s - 60 = -2*t. Calculate the highest common factor of s and 5.
5
Let t(d) = -4*d**3 - d**2 + 3*d + 2. Let q be t(-2). Let z be (5 - 4) + 1/1. Suppose -z*a + 6 + 10 = 0. What is the greatest common divisor of a and q?
8
Let z(k) = -5*k - 7. Let j be z(6). Let x = j + 52. Calculate the greatest common factor of 3 and x.
3
Let q(c) = c**3 + 6*c**2 + 7*c - 1. Let y be q(-3). What is the highest common divisor of y and 25?
5
Let u = 17 + 3. Suppose 0 = -5*a + 1119 + 1126. Suppose -2*b - 5*y - 79 = -a, 3*b + 4*y - 548 = 0. Calculate the greatest common factor of b and u.
20
Let i be 1 - ((0 - 0) + -83). Let h = -16 - 15. Let s = -19 - h. Calculate the greatest common divisor of s and i.
12
Suppose -5*p - 148 = -0*p - 2*b, -b = 1. Let z = 60 + p. Let j = 52 - z. Calculate the greatest common factor of 55 and j.
11
Let o = -309 - 201. Let q be ((-4)/6)/(20/o). What is the greatest common divisor of 51 and q?
17
Let f(y) be the third derivative of -1/4*y**4 + 2*y**2 + 2/3*y**3 - 1/60*y**5 + 0*y + 0. Let d be f(-3). Calculate the highest common divisor of d and 91.
13
Let k be (-42)/9*(-15)/10. Suppose -c = -2 - k. Suppose -15 = -2*b + 3. Calculate the greatest common factor of b and c.
9
Let n = -41 - -58. Let r be (-2 - -2) + 21/1 + -4. What is the greatest common factor of r and n?
17
Let q be ((-6)/(-3) - 2) + 11. Suppose -4*h + 0*h + 12 = -4*n, h - q = 5*n. Let u be ((-5)/(-3))/h*12. What is the greatest common divisor of u and 5?
5
Let u(c) = c**3 + 6*c**2 - c - 4. Let n(d) = -6*d**2 - d. Let y be n(-1). Let o be u(y). What is the greatest common factor of o and 26?
26
Let k(h) = 23*h**2 - 2*h + 3. Let a be k(-3). Calculate the greatest common divisor of a and 24.
24
Suppose -a + 3*q = -2*q - 11, 0 = 2*a + 2*q - 46. Let w = a - 18. What is the highest common divisor of w and 24?
3
Suppose 0*r - 3*u = -5*r + 22, 4 = -u. Calculate the greatest common factor of 5 and r.
1
Let t be (-137)/(-9) - (-4)/(-18). Let l = 13 + 17. What is the highest common divisor of l and t?
15
Let a be -4 + 1 + (3 - -4). Suppose -p + a = 3*p. Let n be 15 + p - 1*-3. What is the highest common factor of n and 171?
19
Let l be -1 + 2 - (11 - 11). Let f(c) = c**3 + 2*c - 1. Let r be f(1). What is the highest common factor of r and l?
1
Let c be 2/5*(-2 + 27). Calculate the highest common divisor of 2 and c.
2
Let i = 164 - 68. Calculate the highest common divisor of i and 24.
24
Suppose 28 = -8*t + 15*t. Let z(k) = k**2 + 5*k. Let x be z(4). Calculate the greatest common divisor of x and t.
4
Suppose 2*d = -z + 21, 2*z + 22 = 3*d - 6. Let g be (-4)/d + (-7)/(-5). Let i be 65 - (2 - 2)/g. Calculate the greatest common factor of 26 and i.
13
Let l be 3/(-1)*1/(-1). Suppose 3*m + 5*o - l*o - 73 = 0, -3*o + 122 = 5*m. Let w be (m/(-10))/(2/(-56)). What is the greatest common divisor of 10 and w?
10
Suppose 4*l - 3*v + 5 = 0, -l - 3 + 4 = -3*v. Let x be 1*-1 + (7 - l). Suppose 0 = 4*a - x*a + 28. Calculate the greatest common divisor of a and 56.
7
Let k = 29 + -20. What is the greatest common divisor of 18 and k?
9
Let h = 5 + -2. Suppose -85 = -h*b - i, b - 45 = -b - 3*i. Suppose -4*d - 5*p = -190, -4*d - p + 188 = 3*p. Calculate the greatest common factor of d and b.
15
Suppose 5*h - 2*t - 201 = 178, 381 = 5*h - 3*t. Suppose 4*a + 6*y - 137 = y, 95 = 3*a - 4*y. Let c = a + -18. What is the greatest common factor of c and h?
15
Suppose 4*l + 9*l - 1144 = 0. Let y(v) = v**2 + 5*v - 6. Let k be y(-6). Let s be -4*2*(k + -1). Calculate the greatest common divisor of l and s.
8
Let u(v) = v**3 - 15*v**2 + 28*v - 17. Let h be u(13). Let t(j) = 12*j - 4. Let w be t(7). Let l = -44 + w. Calculate the highest common divisor of h and l.
9
Suppose -3*r - 1 = -52. What is the greatest common factor of 68 and r?
17
Let l be 136/(-6)*(-9)/2. Let n be 9 + (-277)/(-11) - 2/11. What is the highest common factor of l and n?
34
Let c(l) = l**2 - 8*l + 2. Let j be c(6). Let a = -8 - j. Calculate the highest common factor of a and 10.
2
Let z(h) = 177*h**2 + 2*h + 1. Let j be z(-1). Let b = 7 - -11. Let v be j/b + (-6)/(-27). What is the greatest common divisor of v and 70?
10
Let s be (-48)/(-9) + 2/(-6). Let z = 1 + 34. What is the highest common divisor of z and s?
5
Let g(f) = f**3 - 7*f**2 - 2*f + 6. Let a(b) = b + 1. Let i(y) = 2*a(y) - g(y). Let o be i(7). Calculate the greatest common factor of o and 36.
12
Let g be (2/4)/(3/90). Suppose -7*o + 34 + g = 0. Suppose 5 = v - 3*f + 4, 2*v - 2*f - 10 = 0. Calculate the highest common factor of o and v.
7
Let n be (-1)/3 + 100/3. Let h(a) = 4*a - 8. Let k be h(3). Suppose -2*d + k*g = -26, 1 = g + 2. What is the greatest common divisor of n and d?
11
Suppose t + 27 = -72. Let s = -35 - t. Calculate the greatest common divisor of 8 and s.
8
Let a(g) = -20*g - 4. Let w(o) = -o. Let u(h) = -a(h) + 8*w(h). Let f be u(6). What is the greatest common divisor of 19 and f?
19
Let t be (-12)/30 + 84/10. Let c = -20 - -52. What is the highest common factor of t and c?
8
Suppose 3*m = 4*f + 74, 3*m + 3*f = 4*m - 33. Let k = 16 - -2. Calculate the highest common divisor of k and m.
18
Suppose 4 = 2*r + 2*r. Let j(c) = -29*c + 5. Let b(l) = -58*l + 9. Let w(f) = -4*b(f) + 7*j(f). Let d be w(r). Calculate the greatest common divisor of d and 7.
7
Let g(i) = 7*i - 3. Let d be g(4). Let o be 60/24*(-156)/(-10). Let a = o + d. What is the greatest common factor of 8 and a?
8
Let d be (-57)/7 - (-2)/14. Let r(z) = -z**3 - 8*z**2 - 11*z + 4. Let w be r(d). Suppose -4*i = -0*i - w. What is the highest common divisor of 69 and i?
23
Let g(i) = 26*i - 6 - 8 + 12 - 2. Let u be g(6). What is the highest common divisor of 19 and u?
19
Suppose -3*d + 13 = -2*d. Suppose 4*p = 3*n - 207, 72 = n - p + 4. What is the highest common divisor of n and d?
13
Suppose -h + 2*h - 3*l - 39 = 0, -l = -h + 33. Let j(t) = t**3 - 3*t**2 - t. Let o be j(4). Calculate the highest common factor of o and h.
6
Let a be 3/(-4) - 76/(-16). Suppose a*y - 12 = 4. Let o be 0 - (-37 - -1*1). Calculate the greatest common divisor of o and y.
4
Suppose m = 7 + 7. Let f = -7 + m. Calculate the greatest common factor of 7 and f.
7
Let c be (-4)/(-12) + (-2)/6. Suppose 3*y + 5*m - 33 = -y, c = -2*y - 3*m + 17. What is the highest common divisor of y and 21?
7
Let i(q) be the first derivative of -31*q**2/2 - 3*q + 1. Let n be i(-4). Calculate the highest common divisor of 11 and n.
11
Let q be (2 - -3)/((-4)/(-16)). Calculate the highest common divisor of 220 and q.
20
Suppose 0 = 3*y - 3*i - 48, 2*i - 33 = -y - 2*y. What is the highest common divisor of y